-2 - (0 - (7 - 2))?
10
What is the value of -413 - -424 - (-1 - 5 - 1)?
18
What is 26 - 36 - (-20 + 0)?
10
Calculate (11 - 4 - (2 - -8)) + 0.
-3
What is 0 + (-4 - 2) - (-15 - -11 - -2)?
-4
(3 - 8) + -2 + 5 + -1 + -10
-13
4 + 2 - (8 + 5 + 2) - -5
-4
Calculate 1 + 5 + -2 - 6 - (-35 - -16).
17
Calculate -1 + -2 + 0 - (1530 + -1495).
-38
What is the value of 11 + 2 - (80 + -78)?
11
-20 + (6 - -19) + (-9 - -1)
-3
7 - (-12 - (3 + -4 - (-16 + 21)))
13
Calculate -9 + (592 - 594 - (0 + 17)).
-28
Evaluate (-14 - -2) + (0 + -3 - 5).
-20
Evaluate -13 + (7 - 2) + (52 - 60).
-16
-12 - 1 - ((-29 - 20) + 43)
-7
Evaluate 2 + -3 + -6 + 10 - (-6 + 0).
9
Calculate (28 + 13 - 6) + -10 + -5.
20
-6 + -1 + (13 - 10) - (-26 - -4)
18
-12 + 4 + -15 - -7
-16
Calculate -1 + -9 + (37 - 30).
-3
Calculate -6 + -2 - (-14 - 16).
22
Calculate -12 + 1 + -4 + -10 + (-10 - -22).
-13
What is 14 + -12 + -8 + 16?
10
What is 13 + -10 + -2 + -5 + -8?
-12
What is 11 + (6 - (-1 - -1)) + (176 - 181)?
12
Calculate 7 - ((36 - 22) + (-9 - 0)).
2
What is 5 + (-26 - -8) + 14?
1
What is the value of -55 + 41 + (4 - 0) + 13?
3
Evaluate 5 + (1 - -10) + (-22 - -25).
19
(20 + -14 - (0 + -3)) + -20
-11
What is (-24 - 2) + 40 + -30?
-16
What is the value of 4 + -8 + (2 - -3) + -8 - -3?
-4
What is 0 + (1 - (-4 - -6)) + 1 + -4?
-4
Calculate -10 - (19 - 27) - (-1 + 4).
-5
Evaluate -27 - -50 - 11 - 17.
-5
Calculate 3 + 1 + (-19 + 17 - 3).
-1
20 + (11 - 10) - 34
-13
-6 + 32 + (-34 + -5 - -22)
9
Evaluate 4 - 7 - -2 - -14.
13
(-3 + -1 - (78 + -88)) + 8
14
What is the value of -3 + 0 + (7 - 28) - (-8 - 0)?
-16
Evaluate -9 - (-12 + 6) - (-47 - -19).
25
What is (2 - -5) + (8 - 6) + -1 - 3?
5
What is the value of 3 + -6 + 0 - (10 + (-14 - -7))?
-6
What is -10 - (-2 + (-14 - -23))?
-17
What is -10 + -1 + (-18 - -21) - 11?
-19
-9 + 11 + -1 - (31 + -21)
-9
-3 + 11 + -6 - 13
-11
Calculate (-70 - -68) + (1 - 2) + 8.
5
What is the value of (0 - (2 + 1 + -8)) + 0?
5
What is -4 - 8 - 13 - -46?
21
Calculate 15 - ((3 - -16) + -12).
8
(-14 - 10) + (-35 - -43)
-16
Evaluate -2 - (-8 + 12 + -11 + -2).
7
What is -12 + (-14 - (-8 - 17))?
-1
16 - (-3 + 24) - 8
-13
Calculate 4 - (-9 + -7 + 19 - 13).
14
-76 - -73 - (2 - (1 + 3))
-1
What is the value of 29 - (3 + 26 - 13)?
13
(-1 - 0 - -8 - (-123 + 123)) + -21
-14
What is -1 + 2 - -2 - (1 + -2) - 6?
-2
What is (12 + -8 - -2 - 6) + 2 + -20?
-18
Evaluate -6 - (3 + 5 + -15 - (-11 - 5)).
-15
Calculate -27 + 41 + 28 + -25.
17
Evaluate -12 - ((0 - -11) + -19 + 0).
-4
10 + -14 + (8 - 3) - (11 - 1)
-9
Calculate (-1 + 5 - -1) + 1 - (10013 + -9999).
-8
What is 27 - (31 + 14 - 21)?
3
1 + 6 + -3 - 2 - (-8 - -18)
-8
Evaluate 4 + (17 - 4 - 22) - 8.
-13
What is the value of -2 + 0 + 10 - (97 + -70)?
-19
Evaluate 4 + -3 + (-1 - -3) + (-67 - -63).
-1
What is the value of 9 + (-7 - -1) - (-13 - 2)?
18
Evaluate 1 - (6 + 20 - 22).
-3
Calculate -15 + (17 + 10 - 9).
3
Evaluate -5 - (6 - -6) - -24.
7
What is -67 + 18 - -38 - (1 - -2)?
-14
Evaluate 4 + (-24 - -33 - (0 - 0)).
13
-6 - (-16 - -13 - (-1 - -19))
15
What is the value of (-304 - -339) + (6 - 11)?
30
What is 1 + (0 - 4) + (1 - -16)?
14
-293 + 286 + 0 + (12 - 1)
4
Calculate 1 + -5 + 1 - (5 - (-9 - -8)).
-9
1 - -44 - (-2 + -27 - -40)
34
Calculate 3 + (1 + 1 - -4) + 6.
15
Calculate -1 + 2 - (66 - 66).
1
Calculate (-5 - -4) + (-2 - (-2 - -3)) + 12.
8
Evaluate (20 - 10) + -9 - (-8 + 10).
-1
-35 - (14 + 10 + -41) - 10
-28
What is the value of -33 + 32 + (16 - 1)?
14
(-5 - 1) + 1 + 28 + -5 - 2
16
Evaluate -18 + (-16 - (-33 - -2)).
-3
Evaluate -9 + -2 - ((-20 - -7) + 3) - 26.
-27
-1 + 14 + 1 + -3 + -22 + 19
8
What is (-2 - -1) + 0 + 20 + -8 + -6?
5
What is the value of -2 + 2 + (-29 - -31)?
2
Evaluate 2 - -3 - 0 - (12 - -3 - 27).
17
(-5 - 5) + (-1 - -4 - (0 - -4))
-11
What is the value of -3 + 4 + (131 - 132)?
0
What is 23 - 6 - -2 - (2 + 2)?
15
What is the value of (-156 - -153 - (1 + 20)) + 6?
-18
Calculate (18 - 17) + (1 + -1 - 2).
-1
4 + -5 + (-7 - -17)
9
What is (-1 - 10) + (2 - -4) - -13?
8
44 - 47 - (4 + -6 - -19)
-20
What is 3 + -23 + (10 - -2) - (-10 - -2)?
0
Calculate -18 + (22 - (6 + -17)).
15
Calculate (6 - 4) + 6 + 5.
13
-17 - (26 - 31 - 29)
17
Evaluate 8 + -21 + (13 - 3) + -32.
-35
What is 2 + -10 + 13 - (0 - -8)?
-3
Evaluate -2 - (1 - 17 - -1) - 5.
8
What is (-1 - 0 - -2) + (-66 - (-57 - 6))?
-2
5 + (3 - (13 + -7)) - (4 - -3)
-5
What is (-1396 - -1404) + 1 + 3?
12
What is -1 + 1 - (9 + 17 + -21)?
-5
1 + (28 - 24) + (0 - 1) + -12
-8
-2 + -12 + 1 + 20
7
Evaluate -26 - (-1 + -27 + -18).
20
What is the value of (53 - 49) + (3 - (29 + -4 + 6))?
-24
What is (-2 - 1) + 2 + 4 + 0 + -4?
-1
-10 + 21 + -12 + (6 + -14 - -31)
22
What is -11 - (-51 + 39 + (1 - -5))?
-5
Calculate (0 - 1) + (149 - 143) - -19.
24
What is the value of 6 - (13 - (-4 + 4))?
-7
Evaluate (1 - 6) + (-60 - -40) + 31.
6
What is the value of -13 + (7 + 7 - (-22 - 1))?
24
Evaluate 26 + -12 + -20 + -6.
-12
-7 + 21 + (-23 - -6)
-3
What is the value of -18 + 12 + -18 + 4?
-20
Evaluate -93 - -108 - (0 - -19).
-4
What is the value of (29 - 24) + 1 + -28?
-22
Evaluate (2 - -3) + 4 + -10.
-1
Calculate -30 - -42 - (26 + -6).
-8
What is -2 - -2 - (8 - 10 - -7) - 2?
-7
7 - ((-11 - (-23 + 12)) + 16)
-9
What is -25 + 29 + 30 + -20?
14
Evaluate 20 + -55 + (31 - 17).
-21
26 - (-3 + 4 + 3 - -3)
19
Calculate (9 - (10 + -10 - -9)) + 11.
11
Calculate -12 - -1 - (-27 + 10).
6
3 + 0 + -21 - (12 - (-6 + 25))
-11
Calculate -4 + 21 + 20 - 3 - -2.
36
Evaluate -98 - -105 - ((-2 - 0) + 5).
4
Calculate 23 - (13 - (-12 + 9 - -14)).
21
Calculate 7 - (4 - 2) - -7 - 5.
7
What is 8 - (12 + -11 - (-9 - -1))?
-1
Calculate -12 - (27 + -20) - -22 - -19.
22
What is the value of 21 + (26 - (69 - 16))?
-6
What is 0 + (-12 - -1) - (-29 - -17)?
1
1 + -2 - (1 - 5 - (-72 + 67))
-2
Calculate 0 - 10 - (16 + -4 + -34 + 19).
-7
Calculate 13 + 3 + -30 + 19.
5
Evaluate -11 - (-29 - -9 - (-20 + 28)).
17
(0 + 7 - 0) + -158 + 154 + 13
16
-1 - -1 - (13 + -6 + -2 + -4)
-1
What is 6 + -7 + -2 + 12?
9
Evaluate -3 + (39 - -2 - 1) + (1 - 4).
34
What is the value of -36 + (-2 + (21 - 1) - (0 - -7))?
-25
What is the value of -12 - -1 - (-12 + (48 - 39))?
-8
What is -10 - (-15 + -12 + (3 - -18))?
-4
What is 0 - 38 - (-7 + 6) - (23 + -32)?
-28
What is 2 - -4 - (-5 - -10 - 0)?
1
Evaluate 5 - (21 + 3 + -12) - 4.
-11
What is 2 - (-19 - (-14 + -10))?
-3
What is 1 + (8 - 3) - ((-9 - -10) + -1)?
6
What is 6 + -6 + 10 + (-7 - -2) + 5?
10
-7 - (0 + (-1 - 13))
7
Calculate (11 - -11) + (8 - 24).
6
-35 - -31 - (-5 - -20 - 5)
-14
What is the value of -38 - (3 + 13 + -29 + 4)?
-29
What is the value of -15 + -5 + 27 - -2?
9
What is the value of -6 - 1 - (392 + -388)?
-11
-1 + 10 + (-158 - -154)
5
What is the value of (-230 - -236) + 10 + (0 - -2) + -2?
16
What is -16 + -3 - (-25 + 1)?
5
What is (68 - 62 - (13 - 1)) + 10?
4
What is -3 + 1 + 13 + -42 + 64 + -30?
3
26 + -1 + -9 + 17 + -12
21
Evaluate (-5 - 21) + 35 + -2.
7
Evaluate -47 - ((-88 - -28) + 21).
-8
29 - (1 + 3 + 3) - 11
11
What is the value of 10 + (-7 - (3 - -2 - -4)) + -23?
-29
Evaluate -20 - -15 - -22 - 20.
-3
Evaluate 16 + (-24 - -15) - (16 - -1).
-10
Calculate -1 + -2 + (-16 - 32) + 50.
-1
What is 11 + -31 - (4 + 2) - (-6 - 1)?
-19
What is the value of -13 - (1 - 9) - -10?
5
What is the value of (12 - -1) + (-8 + 0 - (28 + -34))?
11
-12 + (-11 - (13 + -40)) - (2 - 1)
3
-15 + -38 + 70 - (-23 + 1)
39
Evaluate (0 + 0 - -8) + -53 + 27.
-18
(-6 - 0) + 22 + -13
3
What is the value of (-2 - -5 - 1) + (-23 - 5) + 23?
-3
What is -11 + (-12 - (-17 - -4))?
-10
Calculate ((2 - 1) + (4 - 7) - 5) + -2.
-9
What is the value of -6 - (11 - 13) - 6?
-10
Calculate 3 + -2 - (22 + -6) - -1.
-14
What is the value of -4 - (5 + (-13 - 2 - -4) + 17)?
-15
Evaluate -37 + 20 - 1 - -5.
-13
What is 1086 + -1051 + (2 + -8 - -1)?
30
What is the value of (17 - -14 - 32) + (-3 - -1) - -7?
4
Calculate 16 - (8 + 17 - 12).
3
What is the value of (30 - (-20 + 50)) + (-6 - -1 - 2)?
-7
What is (-26 - (-33 - -46)) + 42?
3
-28 + 19 + 3 + -1 + 2
-5
What is the value of (2 + 5 - (-23 + 25)) + 6?
11
Evaluate 11 + -21 + 4 + 12.
6
-11 + -8 + 7 - 0
-12
43 - (-44 - -71) - (1 - -2)
13
What is the value of -7 + (-2 - -3) + 1 - 0?
-5
Calculate (4 + -6 - -5) + 22 - 11.
14
Calculate (153 - 130) + (10 - 5 - 4 - 4).
20
Evaluate (-20 - -26 - 1